s + 99 = -2*s, -3*q + 53 = 4*s. Calculate the highest common divisor of q and 115.
23
Suppose -2*i + 3*i = 0. Suppose m + 0*m - 4 = i. Calculate the highest common divisor of 36 and m.
4
Suppose -r + 3*b + 3 + 6 = 0, 0 = r + 4*b - 30. What is the highest common divisor of r and 72?
18
Suppose -2 + 10 = 8*j. What is the greatest common factor of 5 and j?
1
Let l = -56 + 37. Let q = -7 - l. Calculate the greatest common factor of 132 and q.
12
Let i(r) = 2*r**3 + 3*r**2 + 10*r - 13. Let q(x) = x**3 - x**2 - x - 1. Let c(u) = -i(u) + 3*q(u). Let l be c(8). What is the highest common factor of 85 and l?
17
Let y(g) = -9*g + 8. Let k(f) = 9*f - 7. Let i(o) = 6*k(o) + 5*y(o). Let d be 24/14 - (-2)/7. Let s be i(d). What is the highest common divisor of 144 and s?
16
Let y(h) = -3*h**3 + 2*h**2 + 2*h. Let k be y(-2). Suppose k - 1 = 3*f. Calculate the greatest common factor of f and 9.
9
Suppose -8 = -5*r + r. Calculate the greatest common divisor of r and 14.
2
Suppose -c + 5*c = 0. Suppose c = z - 8 - 19. Calculate the highest common factor of 9 and z.
9
Let d = -5 + 45. Suppose -x - 53 = -5*b - 8, 2*b + 2*x = 6. Calculate the highest common divisor of b and d.
8
Let u be (6/(-21))/(1/(-7)). Calculate the highest common divisor of 3 and u.
1
Let v = 13 - 9. Let x(q) = 0*q**3 + q**3 + 3 + 3 + 0*q - 4*q**2 + q. Let b be x(5). What is the highest common factor of b and v?
4
Let s(c) = c**2 - 3*c - 4. Let w be s(-3). Calculate the highest common factor of 35 and w.
7
Suppose 4*t = 4*a + 412, -4*a - 216 = -t - t. What is the greatest common factor of t and 14?
14
Let b = 11 - 8. Let h = b - -5. What is the greatest common divisor of h and 4?
4
Suppose 0 = 4*z + 4 - 100. Suppose -2*a + 2 = 0, a + 2004 = 5*v - 0*a. Suppose 0 = -4*b - 161 + v. What is the highest common factor of b and z?
12
Let f(z) = z**3 + 3*z**2 - 5*z - 1. Let t be f(-4). Let l be 26/5 + (-2)/10. Let g(b) = 4*b + 1. Let r be g(l). Calculate the highest common divisor of t and r.
3
Let k(n) = 2*n**2 - 2*n - 4. Let g be k(-2). Suppose 0 = -0*b + b - 2. Suppose b*m - f = -5*f + 4, 2*m = -f + 7. What is the greatest common divisor of g and m?
4
Let i be 22/6*96/4. Suppose -2*u - 93 = -2*t + 3, 152 = 3*t - 5*u. Suppose -t = -y - 3*y. What is the highest common divisor of i and y?
11
Let y = 5 + -3. Suppose -p - o = -2*o - 20, -y*o - 62 = -3*p. What is the greatest common divisor of 11 and p?
11
Let m be 1/4 + (-132)/(-48). What is the highest common divisor of 24 and m?
3
Let y(v) = 4*v**2 + 4. Let n be y(2). What is the highest common divisor of 10 and n?
10
Let z = -12 - -21. What is the greatest common factor of 81 and z?
9
Suppose -q - 15 = 3. Let i = q - -13. Let w(t) = t**3 + 4*t**2 - 7*t - 4. Let k be w(i). Calculate the highest common divisor of 42 and k.
6
Let c be 18 - 1/(0 + -1). Suppose 0 = -2*b - 2*b + 684. Calculate the highest common divisor of b and c.
19
Let u = 7 + 5. Suppose -4*v + k - 3*k = -380, -2*v = 4*k - 184. What is the highest common divisor of u and v?
12
Suppose 42 = -0*o + 3*o. Suppose 0 = 2*g + 26 + o. Let b be (14/5)/((-4)/g). What is the greatest common divisor of b and 154?
14
Let z = -21 - -41. Calculate the highest common divisor of 5 and z.
5
Let o be (-4)/(-6)*21 + -4. Calculate the highest common divisor of o and 40.
10
Let w(o) = -o + 11. Suppose l = -t + 8, -38 = -5*l - 2*t + 5. Let p be w(l). Let q = -19 + 35. What is the highest common factor of p and q?
2
Let x(d) be the third derivative of d**5/30 - d**4/8 - d**3/2 - 3*d**2. Let r = 3 - 6. Let v be x(r). Calculate the highest common divisor of v and 3.
3
Suppose 27*b = 29*b - 20. Calculate the highest common factor of b and 30.
10
Suppose -h + 1 = -2*n, -n - 3*h - 7 = 4. Let w = 9 - n. What is the highest common divisor of w and 77?
11
Suppose 0*g + 4*g = 52. Suppose -3*l + g + 20 = 0. Let m = 108 - 75. What is the highest common divisor of l and m?
11
Suppose -2*w + 18 = -30. Suppose 5*j = 2*z + 91 - 1, -j - 9 = 5*z. What is the greatest common divisor of j and w?
8
Let o be 3 + (0 - (2 - 15)). Suppose 66 = 2*b + o. Calculate the highest common factor of 10 and b.
5
Suppose -3*g = -4*g + 4, -2*r + 2*g = 4. Suppose r*x = 10 + 38. Let c(p) = p**3 + p**2 - p + 60. Let b be c(0). What is the greatest common factor of x and b?
12
Let b(y) = -y**3 + 4 + 6*y + 2*y**3 + 6*y**2 - 2. Let r be b(-4). What is the greatest common factor of 70 and r?
10
Suppose 3*s = 2*o - 7, 2*o - 31 = -4*s + 11. What is the greatest common divisor of 121 and o?
11
Suppose -4*o - 20 = 0, -d = 3*d + 3*o + 27. Let a be (1/d)/((-1)/18). Let i be 132/9 + a/(-9). Calculate the highest common divisor of i and 42.
14
Suppose 297 - 47 = -2*h. Let x be 1/(-3) + h/(-15). Calculate the highest common factor of x and 32.
8
Let d = -89 + 213. What is the highest common factor of 31 and d?
31
Suppose 2*x + 253 - 85 = 0. Let i = -18 - x. What is the greatest common factor of i and 11?
11
Let o = 6 + 3. Suppose -11 - o = -d. Let x = d - 5. What is the greatest common factor of 75 and x?
15
Let i(u) be the third derivative of 11*u**5/30 - u**4/12 + u**3/6 + 6*u**2. Let c be i(1). Calculate the highest common factor of c and 3.
3
Suppose -4*b = -2*z - 16 - 18, -4*z - 38 = -5*b. What is the highest common divisor of b and 90?
10
Suppose 0 = -3*p + p - 6. Let c be (18 + 1)*1 + p. Let o = 6 - -74. What is the greatest common factor of o and c?
16
Suppose -3*q + 43 = s, 0 = -5*s + s + 3*q + 202. Calculate the highest common factor of s and 7.
7
Suppose 45 = 5*w - 2*l, 4*l - 52 = -2*w - 10. Let a = 53 + -9. What is the highest common divisor of a and w?
11
Suppose 3*o - 13 + 1 = 0. Suppose -2*d - 5 + 3 = 0, o*g + 3*d = 261. Calculate the highest common divisor of g and 6.
6
Let u = 192 - 48. Suppose -4*v + 2*v = -5*g - 35, 0 = -4*v - 5*g + 85. Suppose 2 = -b + v. Calculate the greatest common factor of u and b.
18
Let f = -84 - -142. What is the greatest common divisor of 29 and f?
29
Suppose -52 = -4*h + 4*k, 2*k = -2*h + 4 + 10. Let l(d) = -109*d + 1. Let y be l(-1). What is the greatest common divisor of y and h?
10
Let p(o) = 3*o**2 + o + 1. Let u be p(1). What is the greatest common divisor of 5 and u?
5
Suppose -4*y - 20 = -144. Suppose -5*o = -5*s + 70, -y = 3*s - 2*o - 73. Calculate the highest common divisor of 7 and s.
7
Suppose -20*u = -26*u + 12. What is the greatest common divisor of 14 and u?
2
Let j(c) = c**3 - 6*c**2 - 6*c - 4. Let h be j(7). What is the highest common factor of h and 2?
1
Let k be 2*((-55)/(-10) - 4). What is the greatest common factor of k and 6?
3
Let h(v) = 4*v - 24. Let t be h(7). Calculate the highest common factor of 8 and t.
4
Let b(o) = 2*o - 7. Let s be b(5). Let g(z) = 4 - 2 + z - s + 6. Let t be g(0). Calculate the highest common factor of 45 and t.
5
Suppose 3*n = 7*n - 60. Calculate the highest common factor of n and 3.
3
Let j(a) = 8*a - 102. Let v be j(21). Calculate the greatest common divisor of v and 22.
22
Let s(d) = 3*d. Let m = 4 + -1. Let n be m + -2 + 2 + 0. Let o be s(n). Calculate the greatest common factor of o and 63.
9
Let x be 27/(-18) - 234/(-4). Calculate the highest common factor of 38 and x.
19
Let n be 47/5 - 2/5. Let v = n - 4. Suppose v*c = -0*c + 30. Calculate the greatest common factor of 48 and c.
6
Let q = 39 + -22. Suppose -3*p = 2*i - 152, -5*p = i + 131 - 375. Let r = p + -31. What is the greatest common divisor of q and r?
17
Let h = 25 + -3. Calculate the greatest common factor of 2 and h.
2
Let z = 81 - 56. Suppose -2*u = 3*a - z, 7*a = 2*a - 4*u + 43. Calculate the greatest common factor of a and 77.
7
Let a be (-494)/(-10) - (-6)/(-15). Let f = a - 20. Suppose 0*q - 2*q - 4*z = -40, -q + f = 5*z. What is the greatest common divisor of 112 and q?
14
Let o(g) = -2*g**2 + 3*g + 2. Let k be o(-1). Let n be 1/3 - 95/k. Calculate the highest common divisor of n and 16.
16
Let f = -84 + 99. What is the highest common divisor of f and 135?
15
Let i(d) = d**2 - 4*d + 1. Let z be i(-3). Calculate the greatest common divisor of z and 2.
2
Let h be (-5)/2 - -2 - 52/(-8). Suppose -2*q = -3*w + 2*q + 102, -2*w + 2*q + 66 = 0. Calculate the highest common divisor of w and h.
6
Let b = 41 + -18. Let j(a) = 2*a**2 + 3*a + 1. Let z be j(-2). Suppose -b = -z*d - 8. What is the hig